{"id":12241,"date":"2024-07-11T11:48:51","date_gmt":"2024-07-11T09:48:51","guid":{"rendered":"https:\/\/ratiotherm.de\/?page_id=12241"},"modified":"2025-09-19T14:55:49","modified_gmt":"2025-09-19T12:55:49","slug":"aviso-legal","status":"publish","type":"page","link":"https:\/\/ratiotherm.de\/es\/aviso-legal\/","title":{"rendered":"Aviso legal"},"content":{"rendered":"<style>.wp-block-kadence-advancedheading.kt-adv-heading12241_778777-a3, .wp-block-kadence-advancedheading.kt-adv-heading12241_778777-a3[data-kb-block=\"kb-adv-heading12241_778777-a3\"]{margin-top:var(--global-kb-spacing-xl, 4rem);font-style:normal;}.wp-block-kadence-advancedheading.kt-adv-heading12241_778777-a3 mark.kt-highlight, .wp-block-kadence-advancedheading.kt-adv-heading12241_778777-a3[data-kb-block=\"kb-adv-heading12241_778777-a3\"] mark.kt-highlight{font-style:normal;color:#f76a0c;-webkit-box-decoration-break:clone;box-decoration-break:clone;padding-top:0px;padding-right:0px;padding-bottom:0px;padding-left:0px;}.wp-block-kadence-advancedheading.kt-adv-heading12241_778777-a3 img.kb-inline-image, .wp-block-kadence-advancedheading.kt-adv-heading12241_778777-a3[data-kb-block=\"kb-adv-heading12241_778777-a3\"] img.kb-inline-image{width:150px;vertical-align:baseline;}<\/style>\n<h1 class=\"kt-adv-heading12241_778777-a3 wp-block-kadence-advancedheading\" data-kb-block=\"kb-adv-heading12241_778777-a3\">Aviso legal<\/h1>\n\n\n\n<p>ratiotherm GmbH &amp; Co. KG<br>Wellheimer Stra\u00dfe 34<br>91795 Dollnstein<\/p>\n\n\n\n<p><strong>Representado por:<\/strong><br>ratiotherm GmbH &amp; Co. KG, Wellheimer Stra\u00dfe 34, 91795 Dollnstein<\/p>\n\n\n\n<p>Representados por:<br>Dipl.-Ing (FH) Alexander Weidinger | Alfons Kruck | Julian Kruck M.Sc M.Sc.<\/p>\n\n\n\n<p>Registro mercantil: 1398<br>Tribunal de registro: Ingolstadt<\/p>\n\n\n\n<h2 class=\"wp-block-heading\">Contacto<\/h2>\n\n\n\n<p>Tel\u00e9fono: +49 8422-9977-0<br>Correo electr\u00f3nico: info@ratiotherm.de<\/p>\n\n\n\n<h2 class=\"wp-block-heading\">N\u00famero de identificaci\u00f3n fiscal<\/h2>\n\n\n\n<p>N\u00famero de identificaci\u00f3n fiscal:<br>DE175889277<\/p>\n\n\n\n<h2 class=\"wp-block-heading\">Responsable editorial<\/h2>\n\n\n\n<p>ratiotherm GmbH &amp; Co. KG<br>Wellheimer Stra\u00dfe 34<br>D-91795 Dollnstein<\/p>\n\n\n\n<h2 class=\"wp-block-heading\">Resoluci\u00f3n alternativa de litigios seg\u00fan el art. 14, apartado 1, del Reglamento ODR y el art. 36 de la Ley alemana sobre resoluci\u00f3n alternativa de litigios (VSBG).<\/h2>\n\n\n\n<p>No estamos obligados ni dispuestos a participar en un procedimiento de resoluci\u00f3n de litigios ante un organismo de conciliaci\u00f3n de consumidores.<\/p>\n\n\n<style>.wp-block-kadence-advancedheading.kt-adv-heading12241_32e7e3-fa, .wp-block-kadence-advancedheading.kt-adv-heading12241_32e7e3-fa[data-kb-block=\"kb-adv-heading12241_32e7e3-fa\"]{font-style:normal;}.wp-block-kadence-advancedheading.kt-adv-heading12241_32e7e3-fa mark.kt-highlight, .wp-block-kadence-advancedheading.kt-adv-heading12241_32e7e3-fa[data-kb-block=\"kb-adv-heading12241_32e7e3-fa\"] mark.kt-highlight{font-style:normal;color:#f76a0c;-webkit-box-decoration-break:clone;box-decoration-break:clone;padding-top:0px;padding-right:0px;padding-bottom:0px;padding-left:0px;}.wp-block-kadence-advancedheading.kt-adv-heading12241_32e7e3-fa img.kb-inline-image, .wp-block-kadence-advancedheading.kt-adv-heading12241_32e7e3-fa[data-kb-block=\"kb-adv-heading12241_32e7e3-fa\"] img.kb-inline-image{width:150px;vertical-align:baseline;}<\/style>\n<h2 class=\"kt-adv-heading12241_32e7e3-fa wp-block-kadence-advancedheading\" data-kb-block=\"kb-adv-heading12241_32e7e3-fa\">Material gr\u00e1fico:<\/h2>\n\n\n\n<p>Pixabay, Adobe Stock Foto<\/p>\n\n\n<style>.wp-block-kadence-advancedheading.kt-adv-heading12241_ed1b0f-e9, .wp-block-kadence-advancedheading.kt-adv-heading12241_ed1b0f-e9[data-kb-block=\"kb-adv-heading12241_ed1b0f-e9\"]{font-style:normal;}.wp-block-kadence-advancedheading.kt-adv-heading12241_ed1b0f-e9 mark.kt-highlight, .wp-block-kadence-advancedheading.kt-adv-heading12241_ed1b0f-e9[data-kb-block=\"kb-adv-heading12241_ed1b0f-e9\"] mark.kt-highlight{font-style:normal;color:#f76a0c;-webkit-box-decoration-break:clone;box-decoration-break:clone;padding-top:0px;padding-right:0px;padding-bottom:0px;padding-left:0px;}.wp-block-kadence-advancedheading.kt-adv-heading12241_ed1b0f-e9 img.kb-inline-image, .wp-block-kadence-advancedheading.kt-adv-heading12241_ed1b0f-e9[data-kb-block=\"kb-adv-heading12241_ed1b0f-e9\"] img.kb-inline-image{width:150px;vertical-align:baseline;}<\/style>\n<h2 class=\"kt-adv-heading12241_ed1b0f-e9 wp-block-kadence-advancedheading\" data-kb-block=\"kb-adv-heading12241_ed1b0f-e9\">Asesoramiento SEO<\/h2>\n\n\n\n<p><a href=\"https:\/\/www.madmen-onlinemarketing.de\" target=\"_blank\" rel=\"noreferrer noopener\">MADMEN Onlinemarketing GmbH<\/a><\/p>\n","protected":false},"excerpt":{"rendered":"<p>Aviso legal ratiotherm GmbH &amp; Co. KGWellheimer Stra\u00dfe 3491795 Dollnstein Representado por:ratiotherm GmbH &amp; Co. KG, Wellheimer Stra\u00dfe 34, 91795 Dollnstein Representados por:Dipl.-Ing (FH) Alexander Weidinger | Alfons Kruck | Julian Kruck M.Sc M.Sc. Registro mercantil: 1398Tribunal de registro: Ingolstadt Contacto Tel\u00e9fono: +49 8422-9977-0Correo electr\u00f3nico: info@ratiotherm.de N\u00famero de identificaci\u00f3n fiscal N\u00famero de identificaci\u00f3n fiscal:DE175889277 Responsable&#8230;<\/p>\n","protected":false},"author":1,"featured_media":0,"parent":0,"menu_order":9999,"comment_status":"closed","ping_status":"closed","template":"","meta":{"_acf_changed":false,"_uag_custom_page_level_css":"","_kad_blocks_custom_css":"","_kad_blocks_head_custom_js":"","_kad_blocks_body_custom_js":"","_kad_blocks_footer_custom_js":"","_kad_post_transparent":"","_kad_post_title":"","_kad_post_layout":"normal","_kad_post_sidebar_id":"","_kad_post_content_style":"","_kad_post_vertical_padding":"","_kad_post_feature":"","_kad_post_feature_position":"","_kad_post_header":false,"_kad_post_footer":false,"_kad_post_classname":"","footnotes":"","css_class_manager_body_classes":"","css_class_manager_use_in_post_loop":false},"seitenkategorie":[],"hf_cat_page":[112],"class_list":["post-12241","page","type-page","status-publish","hentry"],"acf":[],"taxonomy_info":[],"featured_image_src_large":false,"author_info":{"display_name":"Adler ProMedia","author_link":"#"},"comment_info":0,"uagb_featured_image_src":{"full":false,"thumbnail":false,"medium":false,"medium_large":false,"large":false,"1536x1536":false,"2048x2048":false,"woocommerce_thumbnail":false,"woocommerce_single":false,"woocommerce_gallery_thumbnail":false},"uagb_author_info":{"display_name":"Adler ProMedia","author_link":"#"},"uagb_comment_info":0,"uagb_excerpt":"Aviso legal ratiotherm GmbH &amp; Co. KGWellheimer Stra\u00dfe 3491795 Dollnstein Representado por:ratiotherm GmbH &amp; Co. KG, Wellheimer Stra\u00dfe 34, 91795 Dollnstein Representados por:Dipl.-Ing (FH) Alexander Weidinger | Alfons Kruck | Julian Kruck M.Sc M.Sc. Registro mercantil: 1398Tribunal de registro: Ingolstadt Contacto Tel\u00e9fono: +49 8422-9977-0Correo electr\u00f3nico: info@ratiotherm.de N\u00famero de identificaci\u00f3n fiscal N\u00famero de identificaci\u00f3n fiscal:DE175889277 Responsable...","_links":{"self":[{"href":"https:\/\/ratiotherm.de\/es\/wp-json\/wp\/v2\/pages\/12241","targetHints":{"allow":["GET"]}}],"collection":[{"href":"https:\/\/ratiotherm.de\/es\/wp-json\/wp\/v2\/pages"}],"about":[{"href":"https:\/\/ratiotherm.de\/es\/wp-json\/wp\/v2\/types\/page"}],"author":[{"embeddable":true,"href":"https:\/\/ratiotherm.de\/es\/wp-json\/wp\/v2\/users\/1"}],"replies":[{"embeddable":true,"href":"https:\/\/ratiotherm.de\/es\/wp-json\/wp\/v2\/comments?post=12241"}],"version-history":[{"count":3,"href":"https:\/\/ratiotherm.de\/es\/wp-json\/wp\/v2\/pages\/12241\/revisions"}],"predecessor-version":[{"id":12244,"href":"https:\/\/ratiotherm.de\/es\/wp-json\/wp\/v2\/pages\/12241\/revisions\/12244"}],"wp:attachment":[{"href":"https:\/\/ratiotherm.de\/es\/wp-json\/wp\/v2\/media?parent=12241"}],"wp:term":[{"taxonomy":"seitenkategorie","embeddable":true,"href":"https:\/\/ratiotherm.de\/es\/wp-json\/wp\/v2\/seitenkategorie?post=12241"},{"taxonomy":"hf_cat_page","embeddable":true,"href":"https:\/\/ratiotherm.de\/es\/wp-json\/wp\/v2\/hf_cat_page?post=12241"}],"curies":[{"name":"wp","href":"https:\/\/api.w.org\/{rel}","templated":true}]}}

<style>.wp-block-kadence-advancedheading.kt-adv-heading12241_778777-a3, .wp-block-kadence-advancedheading.kt-adv-heading12241_778777-a3[data-kb-block="kb-adv-heading12241_778777-a3"]{margin-top:var(--global-kb-spacing-xl, 4rem);font-style:normal;}.wp-block-kadence-advancedheading.kt-adv-heading12241_778777-a3 mark.kt-highlight, .wp-block-kadence-advancedheading.kt-adv-heading12241_778777-a3[data-kb-block="kb-adv-heading12241_778777-a3"] mark.kt-highlight{font-style:normal;color:#f76a0c;-webkit-box-decoration-break:clone;box-decoration-break:clone;padding-top:0px;padding-right:0px;padding-bottom:0px;padding-left:0px;}.wp-block-kadence-advancedheading.kt-adv-heading12241_778777-a3 img.kb-inline-image, .wp-block-kadence-advancedheading.kt-adv-heading12241_778777-a3[data-kb-block="kb-adv-heading12241_778777-a3"] img.kb-inline-image{width:150px;vertical-align:baseline;}</style>
<h1 class="kt-adv-heading12241_778777-a3 wp-block-kadence-advancedheading" data-kb-block="kb-adv-heading12241_778777-a3">Aviso legal</h1>



<p>ratiotherm GmbH &amp; Co. KG<br>Wellheimer Straße 34<br>91795 Dollnstein</p>



<p><strong>Representado por:</strong><br>ratiotherm GmbH &amp; Co. KG, Wellheimer Straße 34, 91795 Dollnstein</p>



<p>Representados por:<br>Dipl.-Ing (FH) Alexander Weidinger | Alfons Kruck | Julian Kruck M.Sc M.Sc.</p>



<p>Registro mercantil: 1398<br>Tribunal de registro: Ingolstadt</p>



<h2 class="wp-block-heading">Contacto</h2>



<p>Teléfono: +49 8422-9977-0<br>Correo electrónico: info@ratiotherm.de</p>



<h2 class="wp-block-heading">Número de identificación fiscal</h2>



<p>Número de identificación fiscal:<br>DE175889277</p>



<h2 class="wp-block-heading">Responsable editorial</h2>



<p>ratiotherm GmbH &amp; Co. KG<br>Wellheimer Straße 34<br>D-91795 Dollnstein</p>



<h2 class="wp-block-heading">Resolución alternativa de litigios según el art. 14, apartado 1, del Reglamento ODR y el art. 36 de la Ley alemana sobre resolución alternativa de litigios (VSBG).</h2>



<p>No estamos obligados ni dispuestos a participar en un procedimiento de resolución de litigios ante un organismo de conciliación de consumidores.</p>


<style>.wp-block-kadence-advancedheading.kt-adv-heading12241_32e7e3-fa, .wp-block-kadence-advancedheading.kt-adv-heading12241_32e7e3-fa[data-kb-block="kb-adv-heading12241_32e7e3-fa"]{font-style:normal;}.wp-block-kadence-advancedheading.kt-adv-heading12241_32e7e3-fa mark.kt-highlight, .wp-block-kadence-advancedheading.kt-adv-heading12241_32e7e3-fa[data-kb-block="kb-adv-heading12241_32e7e3-fa"] mark.kt-highlight{font-style:normal;color:#f76a0c;-webkit-box-decoration-break:clone;box-decoration-break:clone;padding-top:0px;padding-right:0px;padding-bottom:0px;padding-left:0px;}.wp-block-kadence-advancedheading.kt-adv-heading12241_32e7e3-fa img.kb-inline-image, .wp-block-kadence-advancedheading.kt-adv-heading12241_32e7e3-fa[data-kb-block="kb-adv-heading12241_32e7e3-fa"] img.kb-inline-image{width:150px;vertical-align:baseline;}</style>
<h2 class="kt-adv-heading12241_32e7e3-fa wp-block-kadence-advancedheading" data-kb-block="kb-adv-heading12241_32e7e3-fa">Material gráfico:</h2>



<p>Pixabay, Adobe Stock Foto</p>


<style>.wp-block-kadence-advancedheading.kt-adv-heading12241_ed1b0f-e9, .wp-block-kadence-advancedheading.kt-adv-heading12241_ed1b0f-e9[data-kb-block="kb-adv-heading12241_ed1b0f-e9"]{font-style:normal;}.wp-block-kadence-advancedheading.kt-adv-heading12241_ed1b0f-e9 mark.kt-highlight, .wp-block-kadence-advancedheading.kt-adv-heading12241_ed1b0f-e9[data-kb-block="kb-adv-heading12241_ed1b0f-e9"] mark.kt-highlight{font-style:normal;color:#f76a0c;-webkit-box-decoration-break:clone;box-decoration-break:clone;padding-top:0px;padding-right:0px;padding-bottom:0px;padding-left:0px;}.wp-block-kadence-advancedheading.kt-adv-heading12241_ed1b0f-e9 img.kb-inline-image, .wp-block-kadence-advancedheading.kt-adv-heading12241_ed1b0f-e9[data-kb-block="kb-adv-heading12241_ed1b0f-e9"] img.kb-inline-image{width:150px;vertical-align:baseline;}</style>
<h2 class="kt-adv-heading12241_ed1b0f-e9 wp-block-kadence-advancedheading" data-kb-block="kb-adv-heading12241_ed1b0f-e9">Asesoramiento SEO</h2>



<p><a href="https://www.madmen-onlinemarketing.de" target="_blank" rel="noreferrer noopener">MADMEN Onlinemarketing GmbH</a></p>

<p>Aviso legal ratiotherm GmbH &amp; Co. KGWellheimer Straße 3491795 Dollnstein Representado por:ratiotherm GmbH &amp; Co. KG, Wellheimer Straße 34, 91795 Dollnstein Representados por:Dipl.-Ing (FH) Alexander Weidinger | Alfons Kruck | Julian Kruck M.Sc M.Sc. Registro mercantil: 1398Tribunal de registro: Ingolstadt Contacto Teléfono: +49 8422-9977-0Correo electrónico: info@ratiotherm.de Número de identificación fiscal Número de identificación fiscal:DE175889277 Responsable&#8230;</p>

Aviso legal ratiotherm GmbH &amp; Co. KGWellheimer Straße 3491795 Dollnstein Representado por:ratiotherm GmbH &amp; Co. KG, Wellheimer Straße 34, 91795 Dollnstein Representados por:Dipl.-Ing (FH) Alexander Weidinger | Alfons Kruck | Julian Kruck M.Sc M.Sc. Registro mercantil: 1398Tribunal de registro: Ingolstadt Contacto Teléfono: +49 8422-9977-0Correo electrónico: info@ratiotherm.de Número de identificación fiscal Número de identificación fiscal:DE175889277 Responsable...
